 -3020 (base 4) in base 6?
-532
What is 5 (base 11) in base 12?
5
1 (base 5) to base 16
1
-4 (base 5) to base 9
-4
What is 37 (base 11) in base 16?
28
What is 1220 (base 3) in base 8?
63
What is 6 (base 10) in base 8?
6
Convert 16 (base 7) to base 12.
11
Convert -1 (base 15) to base 7.
-1
Convert -200 (base 3) to base 5.
-33
Convert 57 (base 8) to base 3.
1202
Convert -1 (base 9) to base 13.
-1
What is -313 (base 4) in base 14?
-3d
Convert -b (base 16) to base 12.
-b
-91 (base 12) to base 6
-301
Convert 318 (base 10) to base 8.
476
20 (base 6) to base 12
10
What is 1 (base 6) in base 3?
1
1 (base 8) to base 7
1
Convert 453 (base 7) to base 15.
109
What is 7 (base 13) in base 15?
7
Convert 2 (base 8) to base 6.
2
-343 (base 5) to base 15
-68
What is 10111 (base 3) in base 7?
163
What is -1300 (base 4) in base 14?
-80
31 (base 7) to base 4
112
Convert -114 (base 11) to base 5.
-1021
What is -40 (base 12) in base 11?
-44
-5c (base 13) to base 10
-77
Convert 8 (base 14) to base 8.
10
Convert 7 (base 11) to base 2.
111
What is -9 (base 10) in base 12?
-9
What is -23 (base 5) in base 16?
-d
Convert 120 (base 4) to base 10.
24
Convert -10001000 (base 2) to base 4.
-2020
Convert 3 (base 16) to base 7.
3
Convert -6 (base 9) to base 16.
-6
What is -23 (base 13) in base 10?
-29
-1 (base 8) to base 14
-1
Convert -5 (base 13) to base 11.
-5
18 (base 14) to base 13
19
-2 (base 14) to base 4
-2
-110111 (base 2) to base 11
-50
Convert 7 (base 13) to base 4.
13
Convert 6a (base 14) to base 7.
163
What is 100 (base 2) in base 9?
4
What is -14 (base 5) in base 10?
-9
What is 21 (base 3) in base 14?
7
-4 (base 16) to base 5
-4
What is 113 (base 6) in base 5?
140
Convert -110 (base 2) to base 16.
-6
What is -a (base 13) in base 11?
-a
-9 (base 16) to base 2
-1001
Convert -10 (base 9) to base 11.
-9
-50 (base 9) to base 6
-113
Convert 3 (base 4) to base 7.
3
-39 (base 12) to base 11
-41
29 (base 11) to base 13
25
What is 11 (base 9) in base 16?
a
What is 1 (base 10) in base 4?
1
-20 (base 6) to base 12
-10
What is -11 (base 12) in base 11?
-12
What is -36 (base 8) in base 16?
-1e
0 (base 13) to base 15
0
2102 (base 3) to base 8
101
3 (base 12) to base 4
3
What is 0 (base 6) in base 2?
0
Convert 8 (base 9) to base 11.
8
1c (base 14) to base 10
26
What is -4 (base 13) in base 6?
-4
Convert -38 (base 12) to base 7.
-62
What is -200 (base 3) in base 15?
-13
What is 21 (base 4) in base 14?
9
What is 3 (base 13) in base 10?
3
What is 442 (base 5) in base 15?
82
Convert -20 (base 6) to base 5.
-22
-a9 (base 11) to base 15
-7e
What is -36 (base 7) in base 5?
-102
What is 111 (base 5) in base 3?
1011
Convert 3 (base 5) to base 8.
3
What is 1 (base 13) in base 14?
1
Convert 253 (base 7) to base 5.
1021
-1d (base 14) to base 16
-1b
-2 (base 9) to base 11
-2
1 (base 10) to base 3
1
Convert -7 (base 9) to base 10.
-7
What is 6 (base 10) in base 2?
110
Convert -1a (base 11) to base 4.
-111
12 (base 3) to base 5
10
11 (base 3) to base 4
10
What is 34 (base 16) in base 15?
37
-8 (base 15) to base 10
-8
4 (base 12) to base 11
4
6 (base 8) to base 2
110
-7 (base 16) to base 15
-7
1 (base 8) to base 14
1
131 (base 11) to base 12
10b
9e (base 15) to base 3
12112
-3 (base 11) to base 4
-3
Convert 11102 (base 3) to base 6.
315
Convert 10 (base 5) to base 16.
5
What is 35 (base 13) in base 6?
112
What is 113 (base 7) in base 14?
43
What is -12 (base 4) in base 11?
-6
What is -3 (base 7) in base 14?
-3
What is 20 (base 11) in base 12?
1a
Convert 43 (base 14) to base 10.
59
5 (base 12) to base 13
5
What is -3 (base 15) in base 16?
-3
What is 24 (base 14) in base 10?
32
Convert 3 (base 10) to base 16.
3
Convert 240 (base 6) to base 10.
96
What is -1 (base 15) in base 3?
-1
-20 (base 5) to base 9
-11
-1 (base 11) to base 14
-1
What is 32 (base 9) in base 3?
1002
What is -4 (base 15) in base 10?
-4
-152 (base 7) to base 13
-68
-61 (base 14) to base 10
-85
What is 0 (base 11) in base 12?
0
What is -52 (base 10) in base 4?
-310
Convert 9 (base 13) to base 14.
9
What is -10 (base 5) in base 8?
-5
-101111110 (base 2) to base 6
-1434
45 (base 8) to base 6
101
301 (base 4) to base 16
31
-10000 (base 2) to base 4
-100
What is -225 (base 6) in base 11?
-81
Convert -11001 (base 2) to base 5.
-100
What is 4 (base 14) in base 10?
4
What is 117 (base 9) in base 13?
76
-10 (base 12) to base 10
-12
Convert 100 (base 4) to base 9.
17
What is -3 (base 6) in base 12?
-3
12 (base 6) to base 10
8
-250 (base 9) to base 12
-153
What is -1012 (base 4) in base 16?
-46
Convert -14 (base 8) to base 16.
-c
Convert -1 (base 13) to base 5.
-1
24 (base 5) to base 2
1110
2 (base 14) to base 3
2
Convert 0 (base 4) to base 15.
0
Convert -2 (base 4) to base 12.
-2
What is 70 (base 10) in base 8?
106
Convert 0 (base 2) to base 8.
0
Convert 0 (base 7) to base 16.
0
Convert 77 (base 14) to base 11.
96
What is 4 (base 14) in base 6?
4
0 (base 4) to base 2
0
-111 (base 8) to base 16
-49
2 (base 12) to base 5
2
Convert 146 (base 7) to base 11.
76
34 (base 13) to base 16
2b
Convert 68 (base 16) to base 7.
206
What is 20 (base 13) in base 16?
1a
-3 (base 15) to base 12
-3
16 (base 13) to base 12
17
-2 (base 7) to base 10
-2
Convert 0 (base 4) to base 11.
0
What is -3 (base 5) in base 2?
-11
What is 37 (base 12) in base 16?
2b
-4 (base 11) to base 16
-4
What is -3 (base 11) in base 16?
-3
What is -11 (base 3) in base 14?
-4
20 (base 3) to base 6
10
What is -2b (base 15) in base 2?
-101001
What is -21 (base 3) in base 15?
-7
-1 (base 10) to base 8
-1
Convert -6 (base 10) to base 8.
-6
11 (base 4) to base 13
5
Convert -9 (base 15) to base 9.
-10
148 (base 9) to base 8
175
Convert -13 (base 8) to base 7.
-14
What is 35 (base 10) in base 13?
29
Convert -21 (base 3) to base 16.
-7
Convert -1 (base 3) to base 8.
-1
What is 4 (base 12) in base 15?
4
3 (base 10) to base 8
3
-2 (base 3) to base 6
-2
Convert -2 (base 7) to base 9.
-2
What is -110 (base 3) in base 6?
-20
Convert -36 (base 14) to base 7.
-66
Convert -111 (base 2) to base 5.
-12
0 (base 16) to base 15
0
What is 0 (base 4) in base 3?
0
What is -21 (base 7) in base 3?
-120
What is -13 (base 16) in base 6?
-31
10 (base 7) to base 13
7
Convert -111011 (base 2) to base 8.
-73
Convert 1110001 (base 2) to base 5.
423
Convert -33 (base 5) to base 11.
-17
Convert -512 (base 8) to base 3.
-110020
What is -4 (base 12) in base 15?
-4
Convert -1 (base 5) to base 6.
-1
-8 (base 9) to base 7
-11
-14 (base 13) to base 10
-17
What is 4 (base 5) in base 16?
4
-110 (base 2) to base 6
-10
Convert -23 (base 13) to base 16.
-1d
Convert 23 (base 7) to base 2.
10001
What is 1b (base 15) in base 5?
101
-100011001 (base 2) to base 3
-101102
29 (base 15) to base 9
43
-7 (base 10) to base 12
-7
What is 15 (base 15) in base 4?
110
Convert 1 (base 7) to base 13.
1
Convert -11 (base 5) to base 4.
-12
144 (base 10) to base 6
400
-1 (base 7) to base 15
-1
Convert -18 (base 15) to base 11.
-21
Convert 200 (base 6) to base 13.
57
Convert -1001 (base 2) to base 5.
-14
What is 21 (base 6) in base 14?
d
What is -3 (base 6) in base 8?
-3
What is -2 (base 11) in base 4?
-2
17 (base 12) to base 2
10011
What is 111 (base 2) in base 11?
7
Convert -22 (base 3) to base 4.
-20
Convert 400 (base 5) to base 10.
100
What is 8a (base 12) in base 3?
10221
Convert -104 (base 14) to base 10.
-200
What is 23 (base 6) in base 10?
15
-5 (base 11) to base 9
-5
-2 (base 16) to base 10
-2
111 (base 4) to base 3
210
Convert -4 (base 10) to base 5.
-4
3 (base 11) to base 2
11
Convert -81 (base 10) to base 3.
-10000
What is 2 (base 16) in base 9?
2
-a (base 12) to base 9
-11
-1121 (base 3) to base 11
-3a
-2 (base 16) to base 8
-2
What is 2023 (base 4) in base 3?
12011
What is 15 (base 7) in base 6?
20
What is 24 (base 7) in base 2?
10010
Convert -10 (base 7) to base 8.
-7
Convert -3 (base 4) to base 10.
-3
-121 (base 13) to base 11
-169
11 (base 15) to base 3
121
What is 2 (base 3) in base 4?
2
What is -44 (base 9) in base 14?
-2c
What is 11 (base 2) in base 13?
3
Convert 5 (base 15) to base 8.
5
Convert 36 (base 9) to base 12.
29
What is -13 (base 5) in base 4?
-20
What is -6 (base 12) in base 8?
-6
-62 (base 9) to base 2
-111000
Convert 1 (base 8) to base 16.
1
What is -10111111 (base 2) in base 9?
-232
What is 3 (base 4) in base 10?